4675185119 a composite number?
True
Is 201916849 composite?
True
Is 6531654671 prime?
False
Is 11528716421 a prime number?
True
Is 2261744305 a composite number?
True
Is 2195836141 prime?
True
Is 24760535779 composite?
True
Is 1633998787 prime?
False
Is 4892041877 prime?
False
Is 3266260487 a composite number?
True
Is 8297859331 composite?
True
Is 3505158191 prime?
True
Is 360530809 prime?
True
Is 65928226681 composite?
False
Is 504009293 a prime number?
True
Is 9443410577 a composite number?
True
Is 20484372901 a composite number?
True
Is 287865859 prime?
True
Is 24925350833 prime?
True
Is 329455811 a prime number?
True
Is 69127520807 a composite number?
False
Is 1725612221 prime?
False
Is 1271419907 a composite number?
True
Is 3836266129 a prime number?
False
Is 388324429 a composite number?
True
Is 168483059 a prime number?
True
Is 62110343501 composite?
False
Is 107165035429 prime?
False
Is 506003159 a composite number?
False
Is 10635727 a prime number?
False
Is 54513317483 a prime number?
True
Is 479373457 composite?
True
Is 3710156081 a composite number?
False
Is 10955085499 composite?
False
Is 11519621063 prime?
True
Is 425730691 a composite number?
True
Is 323998979 a prime number?
True
Is 62575501165 a prime number?
False
Is 1093115161 composite?
True
Is 17323445063 composite?
False
Is 1803303989 a composite number?
True
Is 291567943 a prime number?
False
Is 23198368693 a prime number?
True
Is 30246289859 prime?
True
Is 38754595405 composite?
True
Is 29474998529 a composite number?
False
Is 52943123567 composite?
False
Is 907553809 a composite number?
True
Is 3899719589 a composite number?
False
Is 4004348573 composite?
False
Is 449752747 composite?
True
Is 32565878783 composite?
False
Is 186522473 composite?
False
Is 47415268679 a composite number?
False
Is 12042696713 a composite number?
False
Is 23247093437 prime?
True
Is 1914019951 a composite number?
False
Is 1710418837 composite?
False
Is 9119786947 prime?
True
Is 3031133255 a composite number?
True
Is 453967609 a prime number?
False
Is 16770911561 prime?
True
Is 4597965611 a composite number?
True
Is 3231280639 composite?
False
Is 610504303 prime?
True
Is 8518541093 prime?
False
Is 10893683719 composite?
True
Is 1457893223 prime?
False
Is 1496431201 composite?
True
Is 29150399513 composite?
True
Is 1430533157 prime?
True
Is 19054454509 a composite number?
True
Is 2423403617 a prime number?
True
Is 2987653891 composite?
False
Is 72100350103 a prime number?
True
Is 255706889 composite?
True
Is 7939911151 a composite number?
False
Is 6325190411 a composite number?
True
Is 2240216113 prime?
False
Is 399107153 a composite number?
False
Is 5698900651 a composite number?
False
Is 611019823 prime?
False
Is 1157096389 a prime number?
True
Is 1196431561 composite?
True
Is 63115397249 a composite number?
True
Is 285212443 a prime number?
False
Is 41183254067 a composite number?
False
Is 607285547 a composite number?
True
Is 902619269 a composite number?
True
Is 740127869 composite?
True
Is 171564840347 a prime number?
True
Is 827803441 a prime number?
False
Is 70983405121 composite?
True
Is 158286552337 composite?
False
Is 2531327651 prime?
True
Is 118669603523 a composite number?
False
Is 58607433413 prime?
True
Is 110473388567 a composite number?
False
Is 349483473167 a prime number?
True
Is 192164004185 prime?
False
Is 66313199 composite?
True
Is 156687939017 a prime number?
True
Is 545131551 a prime number?
False
Is 1650379037 composite?
True
Is 44700059 composite?
True
Is 2297778607 a composite number?
False
Is 1164882241 prime?
False
Is 6886782367 prime?
True
Is 291041495 a prime number?
False
Is 16450315526 composite?
True
Is 74765859659 a prime number?
True
Is 32417280023 a composite number?
True
Is 12006013843 a composite number?
False
Is 232899613 prime?
True
Is 358969979 prime?
True
Is 1910129891 prime?
False
Is 52292354687 prime?
False
Is 853538815 a prime number?
False
Is 8359559837 composite?
True
Is 50118742447 prime?
True
Is 3349561979 composite?
False
Is 15775701971 a composite number?
False
Is 6268354861 a composite number?
False
Is 2861777557 composite?
True
Is 9301485409 composite?
False
Is 1430049149 a composite number?
True
Is 1762442699 a prime number?
False
Is 5568347791 a composite number?
True
Is 1985373319 prime?
True
Is 8662515611 a prime number?
False
Is 941563919 a composite number?
False
Is 70626671891 a prime number?
False
Is 28115144263 a prime number?
True
Is 610579691 composite?
False
Is 59595705569 prime?
True
Is 24286764921 a composite number?
True
Is 1376628137 composite?
True
Is 14357806315 a prime number?
False
Is 1857781279 a prime number?
False
Is 347686901 prime?
True
Is 8066467531 prime?
True
Is 118560811 composite?
False
Is 682634569 prime?
True
Is 73390239614 a prime number?
False
Is 4559477771 composite?
False
Is 507079019 composite?
False
Is 583734347 composite?
True
Is 11105045071 a composite number?
False
Is 39756006493 composite?
True
Is 42743116709 composite?
False
Is 101620097797 a composite number?
False
Is 9005066591 prime?
True
Is 459686593 composite?
True
Is 816423143 a prime number?
True
Is 66880811 composite?
False
Is 10170318701 a composite number?
True
Is 3830457947 a prime number?
False
Is 1862781373 prime?
True
Is 1930679389 composite?
True
Is 830235247 composite?
True
Is 3359106211 composite?
True
Is 14356781689 composite?
False
Is 485331629 prime?
False
Is 1206558029 a composite number?
False
Is 8747118349 composite?
True
Is 356679041 a prime number?
True
Is 7749974741 prime?
False
Is 84367645279 a prime number?
True
Is 7581490489 prime?
True
Is 10603795439 composite?
True
Is 1809464497 a composite number?
False
Is 1772481961 a composite number?
False
Is 47839639583 prime?
False
Is 2811575083 prime?
True
Is 5453762659 a prime number?
True
Is 1825009385 a prime number?
False
Is 1436810611 a prime number?
True
Is 276787851817 a prime number?
True
Is 2375471171 a prime number?
False
Is 61667019317 prime?
False
Is 28398107 prime?
True
Is 52827284089 a composite number?
True
Is 12152056687 a prime number?
False
Is 673656493 a prime number?
True
Is 4106777681 composite?
True
Is 136952698217 a composite number?
False
Is 1013975741 a prime number?
True
Is 65684984473 composite?
True
Is 2377052033 a prime number?
True
Is 25323584021 a prime number?
True
Is 4247427799 prime?
True
Is 355159361 a prime number?
True
Is 76620843571 prime?
False
Is 357947547 composite?
True
Is 14002602461 prime?
True
Is 60779582137 a composite number?
False
Is 908984753 a prime number?
False
Is 5437714453 composite?
False
Is 37573604797 a prime number?
True
Is 4708074607 prime?
False
Is 1146901253 composite?
False
Is 13596962419 prime?
False
Is 279119 prime?
True
Is 255173441 prime?
True
Is 448479463 composite?
False
Is 104421661 composite?
True
Is 6902484107 a composite number?
False
Is 1072604591 prime?
True
Is 1864192741 prime?
False
Is 66831812695 a composite number?
True
Is 6468436859 a composite number?
False
Is 513310763 composite?
True
Is 8778020879 composite?
True
Is 40084664441 a composite number?
False
Is 1200117293 a prime number?
False
Is 5106234503 a prime number?
True
Is 12684299731 a composite number?
False
Is 1177698283 a prime number?
False
Is 399246349 a prime number?
False
Is 19446155507 composite?
False
Is 23387272499 prime?
True
Is 59712833 a composite number?
False
Is 2610102419 prime?
False
Is 5230293847 a composite number?
False
Is 9942926909 composite?
False
Is 15034003 composite?
True
Is 86418284417 prime?
False
Is 16547875018 prime?
False
Is 41592727637 prime?
False
Is 8877769129 composite?
False
Is 28547795657 a composite number?
False
Is 193287869 a composite number?
False
Is 266404602313 composite?
True
Is 267498509 a prime number?
True
Is 6474054263 prime?
False
Is 26849464331 a composite number?
False
Is 1869023797 composite?
True
Is 2752585417 a composite number?
True
Is 22516214611 prime?
False
Is 117069004414 a composite number?
True
Is 3080783219 a composite number?
False
Is 62382400933 composite?
True
Is 51772849283 a composite number?
False
Is 28052110634 composite?
True
Is 221413859 a prime number?
False
Is 5384303083 prime?
True
Is 5522259259 composite?
True
Is 13615534213 prime?
True
Is 2406816397 a composite 